ors of 52213013?
23, 2270131
What are the prime factors of 727225024?
2, 11362891
List the prime factors of 223719508.
2, 55929877
What are the prime factors of 142830940?
2, 5, 7, 17, 60013
List the prime factors of 89834428.
2, 509, 44123
List the prime factors of 1881700899.
3, 13, 31, 109, 131
List the prime factors of 16859316.
2, 3, 907, 1549
What are the prime factors of 301484014?
2, 13, 73, 158843
What are the prime factors of 1102934070?
2, 3, 5, 7, 194521
What are the prime factors of 79722673?
17, 311, 887
List the prime factors of 1346264234.
2, 7, 941, 102191
What are the prime factors of 16389762?
2, 3, 31, 88117
List the prime factors of 454713204.
2, 3, 11, 73, 47189
List the prime factors of 831803761.
17, 631, 77543
What are the prime factors of 106583020?
2, 5, 5329151
What are the prime factors of 308362510?
2, 5, 29, 1063319
What are the prime factors of 209511524?
2, 47, 1114423
List the prime factors of 603580658.
2, 10709, 28181
List the prime factors of 99885941.
23, 79, 54973
List the prime factors of 256299012.
2, 3, 2373139
What are the prime factors of 134394670?
2, 5, 13439467
List the prime factors of 806613929.
11, 73328539
List the prime factors of 205952738.
2, 751, 137119
List the prime factors of 63226149.
3, 7, 23, 79, 1657
List the prime factors of 56399751.
3, 29, 216091
What are the prime factors of 239578870?
2, 5, 23957887
What are the prime factors of 66255621?
3, 22085207
List the prime factors of 27029770.
2, 5, 2702977
What are the prime factors of 1591780053?
3, 530593351
List the prime factors of 815481051.
3, 7, 11, 3530221
What are the prime factors of 1731626261?
83, 107, 194981
What are the prime factors of 110331640?
2, 5, 2758291
What are the prime factors of 132341498?
2, 17, 19, 349, 587
What are the prime factors of 1008845811?
3, 37, 1423, 2129
What are the prime factors of 6360668?
2, 19, 127, 659
What are the prime factors of 8596272606?
2, 3, 4871, 294131
List the prime factors of 3256071.
3, 7, 13, 11927
List the prime factors of 1563661120.
2, 5, 7, 53, 13171
List the prime factors of 3545016504.
2, 3, 19, 7774159
List the prime factors of 305620364.
2, 7, 103, 105971
What are the prime factors of 199882497?
3, 66627499
What are the prime factors of 19805450?
2, 5, 7, 71, 797
List the prime factors of 113078509.
17, 173, 38449
What are the prime factors of 2379038987?
13, 37, 4946027
What are the prime factors of 5861141569?
109, 4759, 11299
What are the prime factors of 128031496?
2, 16003937
List the prime factors of 808320100.
2, 5, 7, 47, 79, 311
What are the prime factors of 214325125?
5, 7, 244943
List the prime factors of 7329621441.
3, 2443207147
List the prime factors of 63526400.
2, 5, 7, 709
List the prime factors of 123561567.
3, 31, 107, 4139
What are the prime factors of 149940498?
2, 3, 29, 53, 71, 229
List the prime factors of 2660272310.
2, 5, 266027231
List the prime factors of 18371932.
2, 4592983
What are the prime factors of 1626187368?
2, 3, 13, 5212139
What are the prime factors of 240568525?
5, 31, 41, 67, 113
What are the prime factors of 275819995?
5, 11, 1759, 2851
List the prime factors of 3553672875.
3, 5, 1787, 5303
List the prime factors of 29137268.
2, 59, 331, 373
What are the prime factors of 3515508?
2, 3, 43, 757
List the prime factors of 1906485896.
2, 7, 41, 53, 15667
List the prime factors of 47101738.
2, 349, 67481
What are the prime factors of 148951482?
2, 3, 29, 856043
What are the prime factors of 285254216?
2, 13, 73, 37573
What are the prime factors of 1827166851?
3, 17, 23, 519229
What are the prime factors of 415052712?
2, 3, 5764621
List the prime factors of 9768475995.
3, 5, 17, 2253397
What are the prime factors of 3260672077?
13, 250820929
List the prime factors of 4633574386.
2, 7, 6491, 50989
List the prime factors of 409629679.
409629679
List the prime factors of 1075336324.
2, 268834081
What are the prime factors of 105173697?
3, 35057899
What are the prime factors of 16337595?
3, 5, 17, 79, 811
What are the prime factors of 557341319?
661, 843179
List the prime factors of 35734005.
3, 5, 794089
What are the prime factors of 45387283?
45387283
What are the prime factors of 16164825?
3, 5, 215531
List the prime factors of 312100390.
2, 5, 7, 151, 29527
List the prime factors of 110047649.
41, 113, 23753
List the prime factors of 87351166.
2, 7, 6239369
List the prime factors of 167296357.
167296357
What are the prime factors of 1062088287?
3, 13, 3167, 8599
What are the prime factors of 1640478370?
2, 5, 1447, 113371
List the prime factors of 241960322.
2, 23, 5260007
What are the prime factors of 227685298?
2, 113842649
List the prime factors of 13500437.
71, 190147
What are the prime factors of 139649764?
2, 17, 2053673
List the prime factors of 1286147048.
2, 173, 313, 2969
List the prime factors of 63985007.
113, 263, 2153
List the prime factors of 293603227.
293603227
What are the prime factors of 145142958?
2, 3, 24190493
List the prime factors of 1302332371.
19, 61, 1123669
List the prime factors of 226527974.
2, 31, 1523, 2399
List the prime factors of 1864970032.
2, 116560627
What are the prime factors of 669332476?
2, 23, 7275353
What are the prime factors of 778389465?
3, 5, 7, 7413233
What are the prime factors of 852611420?
2, 5, 42630571
List the prime factors of 173189236.
2, 11, 357829
List the prime factors of 2077707820.
2, 5, 103885391
List the prime factors of 2153101.
17, 126653
List the prime factors of 187308182.
2, 23, 4071917
List the prime factors of 652510536.
2, 3, 1019, 26681
What are the prime factors of 151128730?
2, 5, 127, 937
What are the prime factors of 299104216?
2, 43, 869489
What are the prime factors of 2278582107?
3, 109, 6968141
List the prime factors of 1435602107.
1435602107
List the prime factors of 930477511.
193, 4821127
What are the prime factors of 24449356?
2, 6112339
List the prime factors of 370227664.
2, 23139229
What are the prime factors of 525913967?
37, 2243, 6337
List the prime factors of 230474381.
230474381
List the prime factors of 3389184211.
7, 5179, 93487
List the prime factors of 602709880.
2, 5, 457, 32971
What are the prime factors of 5776286100?
2, 3, 5, 13, 1481099
List the prime factors of 61911223.
11, 157, 3259
List the prime factors of 2904618508.
2, 11, 647, 102031
List the prime factors of 1069923353.
71, 677, 22259
What are the prime factors of 4986506239?
11, 13, 29, 1202437
What are the prime factors of 3076859591?
13, 236681507
List the prime factors of 56800843.
11, 107, 48259
List the prime factors of 2320720179.
3, 37, 20907389
List the prime factors of 218480180.
2, 5, 10924009
What are the prime factors of 58665002?
2, 11, 2666591
List the prime factors of 5708794.
2, 7, 13, 4481
List the prime factors of 50271714.
2, 3, 157, 17789
List the prime factors of 545499887.
71, 137, 56081
What are the prime factors of 52293766?
2, 7, 23, 307
List the prime factors of 121993035.
3, 5, 23, 353603
What are the prime factors of 510103497?
3, 37, 4595527
What are the prime factors of 84410263?
7, 12058609
List the prime factors of 50743732.
2, 13, 41, 23801
What are the prime factors of 42137269?
19, 59, 37589
What are the prime factors of 2483474583?
3, 53, 15619337
What are the prime factors of 115267021?
17, 31, 218723
What are the prime factors of 71488613?
7, 10212659
What are the prime factors of 1252370866?
2, 6133, 102101
List the prime factors of 363394619.
7, 51913517
List the prime factors of 2701066494.
2, 3, 7, 2557, 3593
What are the prime factors of 9709810?
2, 5, 11, 103, 857
What are the prime factors of 1480525420?
2, 5, 11, 6729661
What are the prime factors of 141184057?
7, 103, 195817
What are the prime factors of 1215617178?
2, 3, 202602863
What are the prime factors of 92054591?
6067, 15173
What are the prime factors of 16659770?
2, 5, 19, 87683
List the prime factors of 887125999.
3701, 239699
What are the prime factors of 350807106?
2, 3, 13, 53, 84859
What are the prime factors of 1089954490?
2, 5, 17, 373, 17189
List the prime factors of 3104177839.
7, 19, 31, 47, 83, 193
List the prime factors of 2640117.
3, 17, 51767
List the prime factors of 1028577662.
2, 7, 73469833
List the prime factors of 835860448.
2, 79, 330641
Li